{"id":209,"date":"2025-11-13T14:30:03","date_gmt":"2025-11-13T13:30:03","guid":{"rendered":"https:\/\/delphine-dupont-sophrologue.fr\/?page_id=209"},"modified":"2025-11-13T15:26:27","modified_gmt":"2025-11-13T14:26:27","slug":"209-2","status":"publish","type":"page","link":"https:\/\/delphine-dupont-sophrologue.fr\/?page_id=209","title":{"rendered":"s\u00e9ances collectives"},"content":{"rendered":"\n<figure class=\"wp-block-gallery has-nested-images columns-default is-cropped wp-block-gallery-1 is-layout-flex wp-block-gallery-is-layout-flex\">\n<figure class=\"wp-block-image size-large is-style-rounded has-filter-vintage\"><img loading=\"lazy\" decoding=\"async\" width=\"1024\" height=\"1024\" data-id=\"211\" src=\"https:\/\/delphine-dupont-sophrologue.fr\/wp-content\/uploads\/2025\/11\/ai-generated-8768448_1280-1-1024x1024.jpg\" alt=\"\" class=\"wp-image-211\" srcset=\"https:\/\/delphine-dupont-sophrologue.fr\/wp-content\/uploads\/2025\/11\/ai-generated-8768448_1280-1-1024x1024.jpg 1024w, https:\/\/delphine-dupont-sophrologue.fr\/wp-content\/uploads\/2025\/11\/ai-generated-8768448_1280-1-300x300.jpg 300w, https:\/\/delphine-dupont-sophrologue.fr\/wp-content\/uploads\/2025\/11\/ai-generated-8768448_1280-1-150x150.jpg 150w, https:\/\/delphine-dupont-sophrologue.fr\/wp-content\/uploads\/2025\/11\/ai-generated-8768448_1280-1-768x768.jpg 768w, https:\/\/delphine-dupont-sophrologue.fr\/wp-content\/uploads\/2025\/11\/ai-generated-8768448_1280-1.jpg 1280w\" sizes=\"auto, (max-width: 1024px) 100vw, 1024px\" \/><\/figure>\n<\/figure>\n\n\n\n<p class=\"has-text-align-center is-style-warning has-huge-font-size\">Des s\u00e9ances collectives sont propos\u00e9es le jeudi soir \u00e0 mon cabinet pour toutes les mamans ou papas qui aimeraient prendre du temps pour soi et \u00e9vacuer toute la charge mentale.<\/p>\n\n\n\n<p class=\"has-text-align-center has-large-font-size\">Chaque s\u00e9ance aura une intentionnalit\u00e9<\/p>\n\n\n\n<p class=\"has-text-align-center has-large-font-size\">et sera factur\u00e9e 15e\/pers*<\/p>\n\n\n\n<p><\/p>\n\n\n\n<p>*un minimum de 3 personnes sera requis afin que la s\u00e9ance est lieu<\/p>\n\n\n\n<p class=\"has-text-align-center has-text-color has-link-color has-medium-font-size wp-elements-490eede243d6118db2f64261cd471a4c\" style=\"color:#5b226b\">Appelez-moi vite<\/p>\n\n\n\n<p class=\"has-text-align-center has-text-color has-link-color has-medium-font-size wp-elements-9f80c8bbfb79b036dd98b265013d686a\" style=\"color:#5b226b\">au 06.19.33.30.73<\/p>\n\n\n\n<p><\/p>\n","protected":false},"excerpt":{"rendered":"<p>Des s\u00e9ances collectives sont propos\u00e9es le jeudi soir \u00e0 mon cabinet pour toutes les mamans ou papas qui aimeraient prendre du temps pour soi et \u00e9vacuer toute la charge mentale. Chaque s\u00e9ance aura une intentionnalit\u00e9 et sera factur\u00e9e 15e\/pers* *un minimum de 3 personnes sera requis afin que la s\u00e9ance est lieu Appelez-moi vite au [&hellip;]<\/p>\n","protected":false},"author":1,"featured_media":0,"parent":0,"menu_order":0,"comment_status":"closed","ping_status":"closed","template":"","meta":{"_coblocks_attr":"","_coblocks_dimensions":"","_coblocks_responsive_height":"","_coblocks_accordion_ie_support":"","hide_page_title":"","footnotes":""},"class_list":["post-209","page","type-page","status-publish","hentry"],"_links":{"self":[{"href":"https:\/\/delphine-dupont-sophrologue.fr\/index.php?rest_route=\/wp\/v2\/pages\/209","targetHints":{"allow":["GET"]}}],"collection":[{"href":"https:\/\/delphine-dupont-sophrologue.fr\/index.php?rest_route=\/wp\/v2\/pages"}],"about":[{"href":"https:\/\/delphine-dupont-sophrologue.fr\/index.php?rest_route=\/wp\/v2\/types\/page"}],"author":[{"embeddable":true,"href":"https:\/\/delphine-dupont-sophrologue.fr\/index.php?rest_route=\/wp\/v2\/users\/1"}],"replies":[{"embeddable":true,"href":"https:\/\/delphine-dupont-sophrologue.fr\/index.php?rest_route=%2Fwp%2Fv2%2Fcomments&post=209"}],"version-history":[{"count":3,"href":"https:\/\/delphine-dupont-sophrologue.fr\/index.php?rest_route=\/wp\/v2\/pages\/209\/revisions"}],"predecessor-version":[{"id":216,"href":"https:\/\/delphine-dupont-sophrologue.fr\/index.php?rest_route=\/wp\/v2\/pages\/209\/revisions\/216"}],"wp:attachment":[{"href":"https:\/\/delphine-dupont-sophrologue.fr\/index.php?rest_route=%2Fwp%2Fv2%2Fmedia&parent=209"}],"curies":[{"name":"wp","href":"https:\/\/api.w.org\/{rel}","templated":true}]}}