{"id":2,"date":"2025-01-11T16:24:26","date_gmt":"2025-01-11T15:24:26","guid":{"rendered":"http:\/\/delphine-dupont-sophrologue.fr\/?page_id=2"},"modified":"2025-11-13T15:22:23","modified_gmt":"2025-11-13T14:22:23","slug":"page-d-exemple","status":"publish","type":"page","link":"https:\/\/delphine-dupont-sophrologue.fr\/","title":{"rendered":"Page d&rsquo;accueil"},"content":{"rendered":"<div class=\"wp-block-image is-style-rounded\">\n<figure class=\"aligncenter is-resized\"><img loading=\"lazy\" decoding=\"async\" width=\"1280\" height=\"1280\" src=\"https:\/\/delphine-dupont-sophrologue.fr\/wp-content\/uploads\/2025\/11\/sad-8617132_1280.png\" alt=\"\n\" class=\"wp-image-218\" style=\"width:196px;height:auto\" srcset=\"https:\/\/delphine-dupont-sophrologue.fr\/wp-content\/uploads\/2025\/11\/sad-8617132_1280.png 1280w, https:\/\/delphine-dupont-sophrologue.fr\/wp-content\/uploads\/2025\/11\/sad-8617132_1280-300x300.png 300w, https:\/\/delphine-dupont-sophrologue.fr\/wp-content\/uploads\/2025\/11\/sad-8617132_1280-1024x1024.png 1024w, https:\/\/delphine-dupont-sophrologue.fr\/wp-content\/uploads\/2025\/11\/sad-8617132_1280-150x150.png 150w, https:\/\/delphine-dupont-sophrologue.fr\/wp-content\/uploads\/2025\/11\/sad-8617132_1280-768x768.png 768w\" sizes=\"auto, (max-width: 1280px) 100vw, 1280px\" \/><\/figure>\n<\/div>\n\n\n<div class=\"wp-block-columns is-layout-flex wp-container-core-columns-is-layout-9d6595d7 wp-block-columns-is-layout-flex\">\n<div class=\"wp-block-column is-layout-flow wp-block-column-is-layout-flow\" style=\"flex-basis:100%\">\n<div class=\"wp-block-group is-nowrap is-layout-flex wp-container-core-group-is-layout-ad2f72ca wp-block-group-is-layout-flex\">\n<p class=\"has-text-align-center has-large-font-size\"><strong>Si votre enfant retrouvait le sourire, la confiance et le calme int\u00e9rieur<\/strong><\/p>\n<\/div>\n\n\n\n<div class=\"wp-block-group mb-0 mt-0\"><div class=\"wp-block-group__inner-container is-layout-constrained wp-block-group-is-layout-constrained\">\n<p><\/p>\n\n\n<div class=\"wp-block-image is-style-rounded\">\n<figure class=\"aligncenter is-resized\"><img loading=\"lazy\" decoding=\"async\" width=\"1280\" height=\"890\" src=\"https:\/\/delphine-dupont-sophrologue.fr\/wp-content\/uploads\/2025\/11\/ai-generated-9200140_1280.jpg\" alt=\"\" class=\"wp-image-220\" style=\"width:270px;height:auto\" srcset=\"https:\/\/delphine-dupont-sophrologue.fr\/wp-content\/uploads\/2025\/11\/ai-generated-9200140_1280.jpg 1280w, https:\/\/delphine-dupont-sophrologue.fr\/wp-content\/uploads\/2025\/11\/ai-generated-9200140_1280-300x209.jpg 300w, https:\/\/delphine-dupont-sophrologue.fr\/wp-content\/uploads\/2025\/11\/ai-generated-9200140_1280-1024x712.jpg 1024w, https:\/\/delphine-dupont-sophrologue.fr\/wp-content\/uploads\/2025\/11\/ai-generated-9200140_1280-768x534.jpg 768w\" sizes=\"auto, (max-width: 1280px) 100vw, 1280px\" \/><\/figure>\n<\/div>\n\n\n<p><\/p>\n\n\n\n<p class=\"has-text-align-center has-large-font-size\"><strong>Et vous parents, <\/strong><\/p>\n\n\n\n<p class=\"has-text-align-center has-large-font-size\"><strong>si vous preniez enfin du temps <\/strong><\/p>\n\n\n\n<p class=\"has-text-align-center has-large-font-size\"><strong>pour vous ?<\/strong><\/p>\n\n\n\n<p class=\"has-text-align-center is-style-default has-small-font-size has-custom-weight has-custom-lineheight has-custom-letterspacing\" style=\"padding-top:var(--wp--preset--spacing--30);padding-right:0;padding-bottom:var(--wp--preset--spacing--30);padding-left:0;line-height:1.32;letter-spacing:0.7px;font-weight:normal;font-size:48px\">Bienvenue dans un espace d\u00e9di\u00e9 \u00e0 l\u2019\u00e9quilibre, \u00e0 la confiance et \u00e0 la joie de vivre \u2014 pour les enfants comme pour les parents.<\/p>\n\n\n\n<p class=\"has-text-align-center has-small-font-size\" style=\"padding-top:var(--wp--preset--spacing--30);padding-right:0;padding-bottom:var(--wp--preset--spacing--30);padding-left:0\">La sophrologie est une belle aventure \u00e0 vivre en famille : elle aide les plus jeunes \u00e0 mieux comprendre leurs \u00e9motions, \u00e0 retrouver le calme int\u00e9rieur et \u00e0 gagner en confiance.<br>Pour les parents, c\u2019est une pause bien m\u00e9rit\u00e9e, un moment pour souffler, rel\u00e2cher la pression et retrouver une harmonie au quotidien.<\/p>\n\n\n\n<p class=\"has-text-align-center has-small-font-size\" style=\"padding-top:var(--wp--preset--spacing--30);padding-right:0;padding-bottom:var(--wp--preset--spacing--30);padding-left:0\">\u00c0 travers des exercices simples et ludiques, chacun apprend \u00e0 respirer, \u00e0 se d\u00e9tendre, \u00e0 mieux \u00e9couter son corps et son c\u0153ur.<br>Ici, pas de performance, pas de jugement : juste le plaisir d\u2019\u00eatre soi, dans un cadre bienveillant et dynamique.<\/p>\n\n\n\n<p class=\"has-text-align-center is-style-default has-small-font-size has-custom-weight has-custom-lineheight has-custom-letterspacing\" style=\"padding-top:var(--wp--preset--spacing--30);padding-right:0;padding-bottom:var(--wp--preset--spacing--30);padding-left:0;line-height:1.32;letter-spacing:0.7px;font-weight:normal;font-size:48px\">\u2728 Ensemble, construisons un quotidien plus serein, plus confiant et plus joyeux \u2014 un pas \u00e0 la fois.<\/p>\n\n\n\n<p class=\"has-text-align-center has-large-font-size\"><strong>Stress, fatigue, \u00e9motions \u00e0 fleurs de peau, sommeil agit\u00e9, vous n\u2019\u00eates pas seuls. La sophrologie vous aide \u00e0 retrouver l\u2019\u00e9quilibre, \u00e9nergie et s\u00e9r\u00e9nit\u00e9, \u00e0 votre rythme<\/strong><\/p>\n<\/div><\/div>\n<\/div>\n<\/div>\n\n\n\n<div style=\"height:20px\" aria-hidden=\"true\" class=\"wp-block-spacer\"><\/div>\n\n\n\n<div class=\"wp-block-group is-nowrap is-layout-flex wp-container-core-group-is-layout-ad2f72ca wp-block-group-is-layout-flex\">\n<div style=\"height:15px;width:0px\" aria-hidden=\"true\" class=\"wp-block-spacer wp-container-content-42c95ffb\"><\/div>\n<\/div>\n\n\n\n<div class=\"wp-block-group is-nowrap is-layout-flex wp-container-core-group-is-layout-ad2f72ca wp-block-group-is-layout-flex\">\n<figure class=\"wp-block-image is-resized\"><img loading=\"lazy\" decoding=\"async\" width=\"804\" height=\"1043\" src=\"https:\/\/delphine-dupont-sophrologue.fr\/wp-content\/uploads\/2025\/01\/IMG_del-1.jpg\" alt=\"\" class=\"wp-image-18\" style=\"width:301px;height:auto\" srcset=\"https:\/\/delphine-dupont-sophrologue.fr\/wp-content\/uploads\/2025\/01\/IMG_del-1.jpg 804w, https:\/\/delphine-dupont-sophrologue.fr\/wp-content\/uploads\/2025\/01\/IMG_del-1-231x300.jpg 231w, https:\/\/delphine-dupont-sophrologue.fr\/wp-content\/uploads\/2025\/01\/IMG_del-1-789x1024.jpg 789w, https:\/\/delphine-dupont-sophrologue.fr\/wp-content\/uploads\/2025\/01\/IMG_del-1-768x996.jpg 768w\" sizes=\"auto, (max-width: 804px) 100vw, 804px\" \/><\/figure>\n\n\n\n<p class=\"has-text-align-center is-style-success has-large-font-size\">Apr\u00e8s un premier rendez-vous \u00ab\u00a0connaissance\u00a0\u00bb je vous accompagne \u00e0 l&rsquo;aide d&rsquo;un protocole personnalis\u00e9 de 7\/8 s\u00e9ances d&rsquo;environ 1h chacune<br>La s\u00e9ance est \u00e0 50 euros \u00e0 mon cabinet et \u00e0 55 euros \u00e0 votre domicile<\/p>\n<\/div>\n\n\n\n<div class=\"wp-block-group is-nowrap is-layout-flex wp-container-core-group-is-layout-ad2f72ca wp-block-group-is-layout-flex\">\n<div style=\"height:25px;width:0px\" aria-hidden=\"true\" class=\"wp-block-spacer wp-container-content-c00f5982\"><\/div>\n<\/div>\n\n\n\n<hr class=\"wp-block-separator has-alpha-channel-opacity\"\/>\n\n\n\n<div class=\"wp-block-group is-nowrap is-layout-flex wp-container-core-group-is-layout-ad2f72ca wp-block-group-is-layout-flex\">\n<p class=\"has-text-align-center has-medium-font-size\"><strong>Delphine Dupont<\/strong><br><strong>20 rue du Bois St Mard, 60170 Tracy le Val<\/strong><br><strong>06.19.33.30.73<\/strong><br><strong>delphineboubetdupont@gmail.com<\/strong><\/p>\n<\/div>\n","protected":false},"excerpt":{"rendered":"<p>Si votre enfant retrouvait le sourire, la confiance et le calme int\u00e9rieur Et vous parents, si vous preniez enfin du temps pour vous ? Bienvenue dans un espace d\u00e9di\u00e9 \u00e0 l\u2019\u00e9quilibre, \u00e0 la confiance et \u00e0 la joie de vivre \u2014 pour les enfants comme pour les parents. La sophrologie est une belle aventure \u00e0 [&hellip;]<\/p>\n","protected":false},"author":1,"featured_media":0,"parent":0,"menu_order":0,"comment_status":"closed","ping_status":"open","template":"","meta":{"_coblocks_attr":"Arial,","_coblocks_dimensions":"","_coblocks_responsive_height":"","_coblocks_accordion_ie_support":"","hide_page_title":"","footnotes":""},"class_list":["post-2","page","type-page","status-publish","hentry"],"_links":{"self":[{"href":"https:\/\/delphine-dupont-sophrologue.fr\/index.php?rest_route=\/wp\/v2\/pages\/2","targetHints":{"allow":["GET"]}}],"collection":[{"href":"https:\/\/delphine-dupont-sophrologue.fr\/index.php?rest_route=\/wp\/v2\/pages"}],"about":[{"href":"https:\/\/delphine-dupont-sophrologue.fr\/index.php?rest_route=\/wp\/v2\/types\/page"}],"author":[{"embeddable":true,"href":"https:\/\/delphine-dupont-sophrologue.fr\/index.php?rest_route=\/wp\/v2\/users\/1"}],"replies":[{"embeddable":true,"href":"https:\/\/delphine-dupont-sophrologue.fr\/index.php?rest_route=%2Fwp%2Fv2%2Fcomments&post=2"}],"version-history":[{"count":53,"href":"https:\/\/delphine-dupont-sophrologue.fr\/index.php?rest_route=\/wp\/v2\/pages\/2\/revisions"}],"predecessor-version":[{"id":237,"href":"https:\/\/delphine-dupont-sophrologue.fr\/index.php?rest_route=\/wp\/v2\/pages\/2\/revisions\/237"}],"wp:attachment":[{"href":"https:\/\/delphine-dupont-sophrologue.fr\/index.php?rest_route=%2Fwp%2Fv2%2Fmedia&parent=2"}],"curies":[{"name":"wp","href":"https:\/\/api.w.org\/{rel}","templated":true}]}}